 = 3*p - 51, -g + 4*p - p - 27 = 0. Let o = g + 48. Suppose -5*z + 21 = -4*c, 3*z = -2*c - 7 + o. What is the units digit of c?
1
Suppose -4*m - 2 = -2*m. Let x be (-1)/(-1 - 1 - m). Let j = x + 1. What is the units digit of j?
2
Let y be (-39)/(-12) + (-6)/(-8). Suppose -y*l + 2 = 2*a, 3*a + 2*a - 5 = l. What is the units digit of a?
1
Let w(r) be the second derivative of r**4/3 + r**3/6 - 2*r**2 - 5*r. What is the units digit of w(2)?
4
Let l = 11 - 20. Let r = l - -21. What is the tens digit of r?
1
Let a(f) = -f**2 + 8*f - 6. Let v be 2/3 + (-75)/(-9). Let s be -21*-1*3/v. What is the units digit of a(s)?
1
Let c be 5/(-15) + 40/(-6). Let l(r) be the second derivative of -r**3/6 - 2*r**2 - r. What is the units digit of l(c)?
3
Suppose -4*x - 20 = -9*x, -5*j = -3*x + 7. Let k be (1 + -3 - -2)/j. Suppose 0*o - 5*o + 60 = k. What is the units digit of o?
2
Let y = 133 + -86. Suppose -4*t = -y - 149. What is the tens digit of t?
4
Let s = -27 - -45. What is the units digit of (-134)/(-11) - s/99?
2
Let n be 5 - 6/(4/2). Suppose 3 = n*w - 5*o + 8, 4*o - 4 = 2*w. Suppose w*f = -5*f + 10. What is the units digit of f?
2
Let s(n) = 73*n + 4. Let m = 4 + -8. Let c be s(m). What is the tens digit of (-4)/10 - c/20?
1
Suppose 8*i = 311 + 137. What is the units digit of i?
6
Let t(o) = -6*o - 9. What is the units digit of t(-3)?
9
Suppose -9 = -5*i + 11. Suppose -2*l + 4 = -i. Suppose -l - 2 = -2*j, -2*f - 4*j = -34. What is the units digit of f?
1
Suppose a - 88 = -21. What is the tens digit of a?
6
Let t(w) = -w**2 + w - 1. Let x(n) = 6*n. Let j(o) = -2*t(o) + x(o). What is the units digit of j(-2)?
2
What is the tens digit of -9*(-8 + (-4 - -3))?
8
Let m(d) = -d**3 - 11*d**2 + 28*d + 2. What is the units digit of m(-14)?
8
Suppose -3*g - 4*l + 7 = -116, 3*g - 4*l = 99. Suppose 3*a - 4*t - g = 0, 4*t - 1 = -2*a - 3. What is the units digit of a?
7
Let r be 129*(33/9 + -3). Suppose 0 = -5*o + r - 31. What is the tens digit of o?
1
Let n = 3 - -5. Suppose -2*w + 3 = 3*w + 4*f, 0 = 2*w - 3*f + n. Let c = 4 + w. What is the units digit of c?
3
What is the hundreds digit of (50/4)/((-1)/(-14 + 2))?
1
Suppose 83 = 5*d - 17. What is the tens digit of d?
2
Suppose -72 = h - 4*h. Suppose 5*n + z - 120 = 0, 5*n + h = z + 154. What is the tens digit of n?
2
Let z = 87 + -20. What is the tens digit of z?
6
Suppose m = 5*n - 175, -m - 70 = -2*n - 6*m. Suppose -5*s - 45 = -p - 144, -s + n = -4*p. What is the units digit of s?
9
Let p = 13 - 9. Suppose 0*z + p*z - 20 = 0. What is the units digit of z?
5
Let s(w) = w**3 - 7*w**2 + 4*w + 8. Let g be s(7). Suppose 5*d - d = g. What is the units digit of d?
9
Suppose -o + 7*u = 2*u - 67, 3*u = 5*o - 225. What is the tens digit of o?
4
Let y(q) be the first derivative of 1/3*q**3 - q**2 - q - 1. What is the tens digit of y(5)?
1
Let a = 7 + 15. Suppose -l - g = -5*g - 28, -2*g = 4*l - a. What is the units digit of -1*1 + l + -3?
4
Let y = 7 - 6. Let p = y - -2. What is the units digit of (-3)/p*(-2 + -1)?
3
Let d be (0*(-2)/6)/(-2). Suppose d = -0*i - i + 20. What is the tens digit of i?
2
Suppose 5*w + y = 302, 4 = 2*y - 0. Suppose -6*a = -a - w. What is the units digit of ((-12)/5)/(a/(-90))?
8
Suppose 1 = 5*i + j - 19, 12 = 3*i + 4*j. Let z(a) = a**2 - a - 3. Let q be z(3). What is the units digit of q/(-2*(-2)/i)?
3
What is the hundreds digit of (-18887)/(-99) - 4/(-18)?
1
Let g(n) = n**2 + 2*n - 5. Let r = -11 + 4. Let z be g(r). Suppose -2*f - z = -5*f. What is the units digit of f?
0
Suppose 65 = y + 19. What is the tens digit of y?
4
Suppose -i - 2*b = -3 + 1, -3*i + 5*b = -39. Let y(o) = o**2 + 7*o. Let w be y(-6). What is the units digit of i/w*(-12)/8?
2
Suppose -5*j - 3 + 18 = -2*u, -4*u + 25 = j. Let c = -7 + j. What is the units digit of (-2 + -2)*1/c?
2
Let p(r) = -r + 4. Let k be p(5). Suppose 2 = c - 2*x, 4 = -3*c - 4*x - 10. What is the units digit of (-1)/c*(k - -5)?
2
Suppose 2*m - 15 = 27. What is the tens digit of m?
2
Suppose -p + 28 = 3*p. Suppose 3*d - p*d + 48 = 3*c, -12 = -2*c + 4*d. Suppose 0 = 3*q - c. What is the units digit of q?
4
Let d = 24 + -5. What is the tens digit of d?
1
Suppose 3*p - 146 = 61. What is the units digit of p?
9
Suppose 0 = -4*d - 4 - 4. Let s = -21 + 27. What is the units digit of 3/s + d/(-4)?
1
Suppose -11*j - 250 = -13*j. What is the units digit of j?
5
Let a(m) be the second derivative of 3*m**2 + 0 + 1/6*m**3 + 1/12*m**4 + 2*m. What is the units digit of a(0)?
6
Let o = 253 + -88. What is the units digit of o?
5
Let a(v) = -2 + 0 - v + 6*v + v**2. Let i be a(-6). Suppose -m + i = -4. What is the units digit of m?
8
Suppose -v - 6 = g, -8*v + 4*v = -4*g + 16. What is the tens digit of 10/10 - (g + -17)?
1
Let r(k) = 39*k + 1. What is the units digit of r(1)?
0
Let t(b) = b + 2. Let r be t(0). Let v be 1 - (r + (-5)/1). Suppose 0*m + v*m - 12 = 0. What is the units digit of m?
3
Suppose -5*h = 6 - 21. What is the units digit of -3 + h/3 - -10?
8
Suppose 3*h + c = -0*h + 29, 2*h - 17 = -3*c. Suppose -x - h = -37. What is the units digit of (x/(-12))/3*-12?
9
Let k = -35 + 20. Let f = k + 11. Let n = 10 + f. What is the units digit of n?
6
Let i(v) = -v**3 - 6*v**2 + 11*v. Let r be i(-8). Let f = r - 28. What is the tens digit of f?
1
Let n(k) = -k. Let t be n(5). Let g = 6 + t. What is the units digit of g?
1
Let q(s) = 1 - 1 + 5 + s. Let y be q(-4). Let j(v) = 4*v**3 + 2*v - 1. What is the units digit of j(y)?
5
Let c be ((-3)/2)/(2/(-36)). Let q = -18 + c. What is the units digit of q?
9
Suppose -f - c = 2*f + 3, f = c + 3. Suppose 2*o - 28 = -f*o. Suppose x + o = 2*x. What is the tens digit of x?
1
Suppose m = 27 + 12. What is the units digit of m?
9
Suppose 3*x + x - 56 = 0. Let c = -6 + x. Suppose 2*s + z + z = 12, -c = 4*z. What is the units digit of s?
8
What is the tens digit of (141/(-6))/1*-2?
4
Let p(y) = -y**2 + y + 12. Let k be p(6). What is the tens digit of 10/45 + (-284)/k?
1
Let l = -1 + 3. What is the units digit of l + 2/((-2)/(-3))?
5
Let n be (-5)/(-2) - (-3)/(-6). Let d be 6 - n/((-3)/(-3)). Suppose 3 = d*l - 9. What is the units digit of l?
3
Suppose -3*v + 3 = 2*i - 9, 3*v = -3*i + 15. Suppose i*l + m = 14, -3*l + 4*m = m + 6. Suppose -l*w = -7 - 17. What is the units digit of w?
8
Let g = 43 + 5. What is the units digit of g?
8
What is the tens digit of 2/((-304)/156 - -2)?
3
Let z(l) = 5*l**2 - 5*l - 2*l**2 + 4 - 2*l**2. Let k be z(5). Suppose -k*x + 3*o = o - 22, 5*x + 3*o = 22. What is the units digit of x?
5
Let t = -5 + 8. Suppose 0*q = t*q - 9. Suppose -3*c + 32 = -c - v, -4*v + 48 = q*c. What is the tens digit of c?
1
Suppose -2*w - 3*y = 6, 3*w + y = -2*y - 3. Suppose 5*f + 5 = 0, f + w - 1 = s. Suppose -3*r - s = -22. What is the units digit of r?
7
Suppose 0*j - 5*j = -170. Suppose -t + j = -0*t. Suppose 3*r - 8 = t. What is the tens digit of r?
1
Let o(b) = -b**2 + 19*b + 3. What is the units digit of o(9)?
3
Let l = 81 + -17. What is the tens digit of l?
6
Let j = -6 + 8. Suppose 5*t + j = -3. Let l = t - -7. What is the units digit of l?
6
Suppose u - 55 = -4*u - 3*m, 0 = 3*u - 5*m - 33. Let r = u - -4. What is the units digit of r?
5
Suppose 2*v - 48 = -2*m, v - 34 = 4*m + 10. What is the units digit of v?
8
Let n(f) = f**2 - 11*f + 5. Let y(s) = -s**3 + 4*s**2 + 2*s + 3. Let h be y(4). What is the units digit of n(h)?
5
What is the tens digit of (1 + (-2 - -2))/((-1)/(-95))?
9
Let c(f) = -f**3 + f**2 + f. Let z(o) = -6*o**3 - 3*o**2 + 15*o + 11. Let m(k) = 5*c(k) - z(k). Let w be m(-9). What is the units digit of ((-5)/w)/((-1)/(-2))?
5
Let v(i) = i**2 - 7*i + 5. Let b be v(6). Let g = 6 + b. What is the units digit of g?
5
Let q = -30 + 43. Let l = q - 7. What is the units digit of (-47)/(-7) + l/21?
7
Let p = -13 + 28. What is the units digit of p?
5
Let l be 30/(3 - 32/10). What is the units digit of 10/55 - l/22?
7
What is the units digit of (-42)/4*130/(-15)?
1
Suppose -5*z + 24 = 2*u, 3*u - 4 = 3*z - 31. What is the units digit of z?
6
Suppose -29 = 2*w + 55. Let c = -2 - w. What is the units digit of c?
0
Let w = 4 - 1. Suppose 7 = 5*o + 427. What is the units digit of 2/w - o/9?
0
Let d be -3 + -6 + (1 - -2). Let q(v) = 5*v**2 - 7*v - 5. Let g(w) = -2*w**2 + 2*w + 2. Let y(n) = -8*g(n) - 3*q(n). What is the unit